digit of w(-4)?
7
Let f(c) = 6*c**3 + 6*c**2 + 82*c - 717. What is the thousands digit of f(9)?
4
Let c = 44 - 42. Suppose -4*l - 5*j = 5, l - c*j = 2*l + 2. Suppose l = -5*n - 2*i + 75, 4*n = -i + 25 + 38. What is the tens digit of n?
1
Let d = -422 + 540. What is the hundreds digit of (12 + 2)*d/4?
4
Suppose 4*v = 5*i + 9100, -7*i + 9060 = 4*v - 2*i. What is the tens digit of v?
7
Suppose -10*p - 4*p = -48183 - 93581. What is the thousands digit of p?
0
Let i(v) = 114*v**3 - 5*v**2 + 11*v + 6. What is the units digit of i(3)?
2
Let n(h) = h**2 - 12*h - 3. Let t(q) = -8*q - 13. Let a be t(-3). Let i be n(a). What is the units digit of ((-7)/i)/((-2)/(-172))?
3
What is the ten thousands digit of (-2)/(-4)*(-609 + 51533)?
2
Suppose 1890*g - 1891*g + 52054 = 0. What is the thousands digit of g?
2
Let n(v) = -1021*v + 183. What is the hundreds digit of n(-5)?
2
Suppose 0 = 34*f - 6*f + 23*f - 376278. What is the hundreds digit of f?
3
Let d be (-8)/64 + (-274)/(-16). Suppose -d*c + 168 = -16*c. Suppose -177 = -4*s - 5*f, 0 = -4*s + 5*f - f + c. What is the units digit of s?
3
Let q(y) = -y**3 - y**2 + 3*y + 1. Let m(v) = -7*v**3 + v**2 + 8*v + 4. Let x(w) = m(w) - q(w). What is the tens digit of x(-4)?
9
Let t be (9/(-6) + 3)*-2. Let n be t - (-3 - -2) - -2. Suppose -6*o + o - 122 = -2*l, -3*l + 2*o + 172 = n. What is the units digit of l?
6
Suppose -2*u + 1861 = -3*m, 3*u + 1473 = -5*m - 1616. Let f = m + 1123. What is the tens digit of f?
0
Suppose 0 = -2*o + 9*a - 8*a + 8508, -o + 3*a + 4244 = 0. What is the hundreds digit of o?
2
What is the units digit of (4 - (-19)/(-3))*-2194*3/2?
9
Let u(g) = -711*g + 1963. What is the units digit of u(-11)?
4
Let h = -999 - -1136. Let u be (38 + -7)*9/1. Let a = u - h. What is the tens digit of a?
4
Let v be ((-1845)/(-12))/((-19)/76). What is the units digit of (15/4)/(-5)*(v + -5)?
5
Let q = -2899 - -7120. What is the tens digit of q?
2
Suppose -15*t + 720 = -3*t. Let h be (8/12)/(16/t)*86. Let a = h - 151. What is the tens digit of a?
6
Suppose 2*i - 110404 = 4*j, 4*i + 2*j - 93573 = 127275. What is the hundreds digit of i?
2
What is the hundreds digit of 7 + -10 + (-6)/14 + 178152/21?
4
Let n = -4319 + 2065. Let w = n + 3511. What is the units digit of w?
7
Let x = 12152 + -20956. What is the units digit of x/(-16) - (-18)/24?
1
Let z = -51 + 73. Let s be (-1)/(z/6 + -4). What is the units digit of 2/(-6)*s - -6?
5
Suppose 22*u = 4*q - 280968, 2*q + 5*u - 7093 = 133359. What is the hundreds digit of q?
2
Suppose -2*v + 40033 = -3*i, -3*i - 80057 = -3*v - v. What is the units digit of v?
2
Let c(u) = -u**3 + 11*u**2 - 12*u + 23. Let p be c(10). What is the tens digit of 10/(-2) + p + 226?
2
Suppose -3*v - 39 = 5*q, 4*q + 3 + 21 = -2*v. Let k(n) = n**3 + 20*n**2 - 13*n + 28. What is the hundreds digit of k(v)?
9
Let o(q) = -q**3 + 7*q**2 - 2*q + 2. Let g be o(3). Suppose g*d = 39*d - 4214. What is the tens digit of d?
0
Let u = 141 - 138. What is the tens digit of 15908/492 - (1 - 5/u)?
3
Suppose 5*c - 274985 = -5*j, -1696*j - 4*c = -1691*j - 274988. What is the tens digit of j?
0
Let z(k) = -k**3 - 9*k**2 - 5*k + 7. Let u be z(-7). Let r = u - -77. Let a(x) = x**3 - 22*x**2 + 28*x - 30. What is the hundreds digit of a(r)?
1
Suppose 5*v - 3*o - 62116 = 0, 102*o = 5*v + 104*o - 62156. What is the thousands digit of v?
2
Let f(k) = 3*k**2 + 19*k + 12. Let q(d) = -2*d**2 - 8*d + 14. Let r be q(-6). What is the tens digit of f(r)?
2
Let x be (1*(-3 - (0 + -4)))/(-1). Let g = 7 + -4. What is the tens digit of 61 + (-16)/(x - g)?
6
Let m(v) = -29*v - 102. Let w(d) = -87*d - 311. Let y(c) = -11*m(c) + 4*w(c). What is the units digit of y(-19)?
9
Let q = 17575 - 9077. What is the units digit of q?
8
What is the tens digit of 8/(-6) - (-14 + (-261366)/18)?
3
Let c = 1 - -5. Suppose -v = v - c. Suppose v*d - 126 - 6 = 0. What is the tens digit of d?
4
Suppose -5 - 31 = -4*v. Suppose 5*x + 304 = v*x. Let g = 52 + x. What is the units digit of g?
8
Let o(a) = -4*a**3 - 3*a**2 + 493*a + 88. What is the units digit of o(-20)?
8
Suppose -i = -h - 11773, 74*i = 77*i - 5*h - 35325. What is the hundreds digit of i?
7
Suppose -3*x = -4*a - 15 - 1, 3*a = 4*x - 19. What is the hundreds digit of a + (-245)/(-2) + 6/(-12)?
1
Let c(s) = s**3 + s**2 - s - 24. Suppose -17*p = -20*p - 24. Let k be 1*9 + 5 + p. What is the units digit of c(k)?
2
Let l = 1 - 2. Let h(q) = -11*q + 281. Let t be h(25). What is the units digit of 13/(26/(-20))*t/l?
0
Let q(x) = -2560*x**2 - 30*x. Let v be q(10). What is the units digit of (-2)/(-9) - (v/90)/10?
5
Let f = -17903 - -38559. What is the tens digit of f?
5
Let c(s) = -s**3 + 14*s**2 + 5*s - 25. Suppose -3*y - 4*p = -45, y + 2*p - 89 = -4*y. Suppose 0 = 5*n - 89 + y. What is the units digit of c(n)?
5
Let a(c) = 162*c**3 + 6*c**2 + 9*c - 142. What is the tens digit of a(5)?
0
Let r(c) = 8*c**2 - 36*c - 114. What is the thousands digit of r(72)?
8
Let m = 27 - 25. Suppose -70 + 20 = -m*z. Suppose 4*p - 173 = -z. What is the units digit of p?
7
Let d(x) = 44*x - 119. Let m(w) = w**2 - 15*w - 15. Let n be m(17). What is the hundreds digit of d(n)?
7
Suppose -a = 5*r + 1139, -2*a - 526 = 5*r + 612. Let m = 391 + r. What is the tens digit of m?
6
Let r(y) = y**2 + 20*y - 9. Let w be r(-20). Let k(u) = 7*u**2 + 7*u + 5. What is the tens digit of k(w)?
0
Let m = -32 + 64. Suppose 8*w - 8 - m = 0. Suppose -w*v - o + 232 = 0, 4*v - 2*v = -5*o + 102. What is the tens digit of v?
4
Let a = 271 - -251. Suppose -2*u = a - 1590. What is the units digit of u?
4
Let l = -128 + 140. Suppose -4*s - 3392 = -l*s. What is the hundreds digit of s?
4
Suppose 3*r - 9075 = -8*r. Suppose 4*l + 4*p = 1624, -p - 9 = 2*l - r. What is the tens digit of l?
1
Let t = 119298 + -216198. What is the thousands digit of (-16)/(-108)*-3 + t/(-54)?
1
Let q(h) = -357*h + 18. Suppose 0 = -33*z - 58 - 8. What is the hundreds digit of q(z)?
7
Let t = 41 - -30. Suppose 61*h = t*h - 1230. What is the tens digit of h?
2
Let f = 11892 - 10583. What is the hundreds digit of f?
3
Suppose -33*j = -74*j + 23*j + 150444. What is the tens digit of j?
5
Let s(t) = 2347*t**2 + 242*t - 485. What is the thousands digit of s(2)?
9
What is the tens digit of -63 + 70 - 474*-12?
9
Let n(j) = j**2 - 13*j + 17. Let z be n(-6). Suppose -6*x = -361 - z. What is the units digit of x?
2
Let d be -14 + (1 - -9) + -240. Suppose -s - 30 = -2*g - 303, 3*s + 396 = -3*g. Let m = g - d. What is the hundreds digit of m?
1
Let u = -8671 - -16651. What is the units digit of u?
0
Suppose 51*d = 56*d - 4610. Suppose -2*g + 304 = -3*y - 615, 4*y = 2*g - d. What is the units digit of g?
5
Let b = -144 + 267. What is the units digit of 113447/b - 2/6?
2
Let i = 74 + -66. Let w be (-3)/6 - (0 - 20/i). What is the hundreds digit of 2*w/8 - 8349/(-46)?
1
Suppose 4*f - j = 207230, 29*f = 33*f - 2*j - 207228. What is the ten thousands digit of f?
5
Suppose -14*l = -69*l + 224455. What is the hundreds digit of l?
0
Let o(y) = -8550*y**3 + 8*y**2 + 33*y + 50. What is the tens digit of o(-2)?
1
Let w be (-30)/2*(-2)/30*-6. Let t be (24/(-16))/(w/16). Suppose 4*i = -3*r + 180, 5*i + 240 = t*r + i. What is the units digit of r?
0
Suppose -7*q = -19 + 5. Let a be (-3 - -1)*(q - (-9)/(-2)). Suppose 3*j = -a*l + 519, -2*j + 9*l = 4*l - 371. What is the units digit of j?
8
Suppose -4*w = -4*c - 51 + 55, -4*w = -2*c + 2. What is the thousands digit of (w + 1)/(6 - 7)*-1979?
1
Suppose w = 5*g + 61249 + 16666, 4*w + 4*g - 311564 = 0. What is the thousands digit of w?
7
Let t(c) be the first derivative of 47*c + 304 - 106 - 109 - 2*c**2 - 107. What is the units digit of t(-6)?
1
Let v = -235 - -3175. What is the thousands digit of v?
2
Let c(s) = -8*s**2 - 5*s. Let t(p) = -p + 1. Let l(x) = -c(x) + 2*t(x). What is the units digit of l(3)?
3
Suppose -24*b + 54 = -90. Let w(o) = 35*o - 38. What is the tens digit of w(b)?
7
Suppose 0 = 10*d + d - 22. Suppose -53*l + d*l = -31620. What is the units digit of l?
0
Suppose -4*d - 5*m - 106 = 0, -2*d - 28*m = -26*m + 52. Let k(g) = -15*g - 65. What is the tens digit of k(d)?
9
Suppose 2*o - 136 = -4*w, -4*o - 2*w = -5*o + 64. Let z = -80 + o. What is the tens digit of (-229)/(-2) + 21/z?
1
Let r(m) be the first derivative of 3*m**4/2 + m**3